149. Let q be 3 + 1/(1/l). What are the prime factors of ((-2)/(-5))/((-3)/q)?
2, 5
Suppose -h + 3 = -2*h. Let q = h + 7. What are the prime factors of q?
2
Let a be 84 + (-3 - -2) + -2. Suppose 4*o - 4*q - 80 = -8*q, 0 = -4*o - 3*q + a. List the prime factors of o.
3, 7
Suppose i = m + 72, -i - 4*m + 13 = -49. Suppose 5*q + i = g + 2*g, 0 = 5*g + 2*q - 65. What are the prime factors of g?
3, 5
List the prime factors of -3 - -3 - (-66)/3.
2, 11
Suppose -2*t = 3*t - 4*y - 2, 4*t - 4*y = 0. Let g be -2*(-2 + 1) - -2. List the prime factors of t - (-13 + -2 + g).
13
Suppose v - 6 = 2. Suppose 0 = h - v + 4. List the prime factors of h.
2
Let k = 177 + 91. What are the prime factors of k?
2, 67
List the prime factors of 115/35 + 4/(-14).
3
Let n(j) = 6*j**2 - 3*j + 2. Let r be n(2). Let p = -13 + r. Suppose -1 + p = f. What are the prime factors of f?
2, 3
Let k(b) = -3*b - 3. Let m be k(9). Let g = 45 + m. What are the prime factors of g?
3, 5
Let x(m) = -m**3 + 13*m**2 - 19*m - 27. List the prime factors of x(11).
2, 3
Let p(s) = -16*s - 1. Let b be p(-1). Let l be 1/((b/18)/5). Let i(c) = -c + 9. What are the prime factors of i(l)?
3
Let o be (-1)/(-2 - 11/(-5)). Let u = o + 7. List the prime factors of u.
2
Let y(w) = -4*w**2 - 3*w + 4. Let j be y(3). Let g = j + 58. List the prime factors of g.
17
Let c = -235 + 334. What are the prime factors of c?
3, 11
Suppose 0 = -3*v + 7 + 8. Suppose -5*p = -25, 4*w - 5*p + 26 - 65 = 0. Suppose v*a = -y + 3 + 50, 2*a - w = -3*y. What are the prime factors of a?
11
Let n = -29 - -39. What are the prime factors of n?
2, 5
Suppose f + 2*p - 18 = -f, p - 29 = -3*f. Let z = 17 - f. List the prime factors of z.
7
Let l = -6 - -9. Suppose l*o = -2*o + 50. List the prime factors of o.
2, 5
Let v(w) = -w + 13. What are the prime factors of v(-11)?
2, 3
Let n(w) = -w**2 - 14*w + 2. Let q be n(-14). Suppose f + 5*v - 7 = 0, f = -q*f - 5*v + 71. What are the prime factors of f?
2
Suppose -2*w - 124 = -d - 7*w, 2*d + w - 275 = 0. What are the prime factors of d?
139
Let w be 0 + -2 + 12 - 1. List the prime factors of 2/w + (-64)/(-36).
2
Suppose -3*t + 87 = -3*k, 0 = 3*t + k - 58 - 37. What are the prime factors of t?
31
Let b = 60 + -23. What are the prime factors of b?
37
Let b = -1 + -1. Let d(i) = -10*i - 2. What are the prime factors of d(b)?
2, 3
Let m = -2 - -5. What are the prime factors of m?
3
Let g = 14 + -8. Suppose 36 + g = -2*d. Let j = d - -35. What are the prime factors of j?
2, 7
Suppose -3*q = -z + 2*q - 6, 4*q + 15 = 3*z. Let j = -5 + z. Suppose -j*o + 2*o = -12. List the prime factors of o.
2, 3
Let n(h) = -2*h + h**3 + 5*h - 2 + 5*h**2 + 0*h**2. Let p(v) = v**3 - 2*v**2 - 5*v + 3. Let m be p(3). What are the prime factors of n(m)?
7
Suppose 3*x + 156 = 3*c - 225, -4*x - 639 = -5*c. Suppose 38 - c = -3*w. List the prime factors of w.
31
Suppose -8*m - 35 = -3*m. Suppose 5*g + 157 = -4*z - 356, 5*z - 435 = 4*g. What are the prime factors of (6/10)/(m/g)?
3
Suppose -3*p + 5 = -5*h, 0 = -3*h + 4*p + 2 + 6. Let g = h - -6. Suppose 0 = g*o + 2*x - 14, -2*x - 1 = 7. What are the prime factors of o?
11
Let w be (24/(-20))/(2/5). Let s = 1 + w. What are the prime factors of s/3*9/(-2)?
3
Let b = 3 - 3. Suppose 4*c - 9 + 1 = b. Suppose -3*s = 2*i - 26, -i = -c*i + 4*s + 13. List the prime factors of i.
13
Let w = 17 + 4. What are the prime factors of w?
3, 7
Let b(l) = 2*l**3 - l - 3. Let p be b(3). Suppose 0 = 2*u - 5*h - 32, 2*h + p = 2*u + u. What are the prime factors of u?
2
Suppose -16 = 2*p - 220. Suppose -93 = -5*t + p. List the prime factors of t.
3, 13
Let v = 19 - -41. List the prime factors of v.
2, 3, 5
Let o(r) = r**2 + 13*r + 13. Let q be o(-12). Let d be q*8 + (-6)/2. Suppose -d - 6 = -h. List the prime factors of h.
11
What are the prime factors of (-24)/8*14/(-6)?
7
List the prime factors of (((-525)/(-14))/((-6)/8))/(-1).
2, 5
List the prime factors of 4/(20/3)*25.
3, 5
Suppose 7*v - 30 = 2*v. Suppose v*w - 40 = w. Let q = w - 5. What are the prime factors of q?
3
Suppose -2*j - 5 = -v, 3*v + 5*j + 17 = v. Let d be (-2)/((-2)/(-6) + v). Suppose 4*u = 5*f + u - 32, d*u - 24 = -3*f. What are the prime factors of f?
7
Suppose -27 - 3 = -5*o. Suppose 40 = -o*d + d. List the prime factors of 43/4 - 2/d.
11
Suppose -71 = -3*g + 49. Suppose 0 = h - 4*p - 10 - 13, 2*h - 5*p = g. List the prime factors of h.
3, 5
Let c = -21 + 23. Suppose 3 = -3*p - 0. List the prime factors of p - -3 - (c - 18).
2, 3
Suppose 818 = 4*v - 222. What are the prime factors of v?
2, 5, 13
Let l(h) = -h**3 + 5*h**2 + 2*h - 5. Let d be l(5). Suppose -3*b + 3*o + 36 = 5*o, d*b + o = 53. List the prime factors of b.
2, 5
Suppose -5*s = -7 - 8. Suppose 0 = s*v - 33 - 30. What are the prime factors of v?
3, 7
Suppose -5*p + 15 = 5. Suppose -p*u = -2 - 4. Suppose -22 = -u*x + x. What are the prime factors of x?
11
Let f(d) = 5*d + 1. Let k be f(6). Suppose 3*w + c - 11 = 0, -4*c + k = 3*w + c. List the prime factors of w.
2
Let d be (4 + -14)*1/2. Let y = -3 - d. What are the prime factors of -2 + (-2)/(y/(-5))?
3
Suppose -4*d - 3*i - 13 = 0, i = -5*d - 12 - 7. Let l be -3*(2 + d + -3). Let z = -9 + l. What are the prime factors of z?
2, 3
Let p(h) = h - 2. Let x be p(7). Suppose -2*v + 2*o = -44, -x*v = 3*o + 6 - 84. What are the prime factors of v?
2, 3
Let y(x) be the first derivative of -x**4/4 + 5*x**3/3 - x**2/2 + 4*x + 2. Let b be y(5). Let s(h) = 8*h**2 + h + 1. What are the prime factors of s(b)?
2
Let b(q) = -2*q**2 - q + 3. Suppose 0 = 3*c + 4*y - 4, c - 3*y = -3*c - 3. What are the prime factors of b(c)?
3
Let f = 14 + -3. Suppose -5*t + f = -69. What are the prime factors of t?
2
Let s(k) = -5*k**2 - 12*k - 2. Let q(h) = -6*h - 11*h**2 - 19*h - 8 + 3. Let m(x) = -6*q(x) + 13*s(x). What are the prime factors of m(7)?
11
Let v(r) = -7*r + 3. List the prime factors of v(-7).
2, 13
Let s = 3 + 1. Suppose -s*d + 31 - 3 = -2*m, -4*d = 4*m - 4. Let c = d - 2. What are the prime factors of c?
3
What are the prime factors of (-2)/10 - (-9296)/80?
2, 29
Suppose -2*d - 3*f - 12 = 22, -2*d - 2*f - 34 = 0. Let r = d - 10. Let j = 49 + r. What are the prime factors of j?
2, 11
Suppose -4*z - z + 60 = 0. Suppose -6*a = -2*a - z. What are the prime factors of (-8)/(-1)*a/6?
2
Let i(w) = -1 + 9*w - 6 + w**2 + 2. Let r be i(-10). Suppose -5*d - 5*x = -15 + r, 0 = -4*d - 2*x + 8. List the prime factors of d.
2
Let i be -2 - -3 - (-2)/(-1). Let o be (0 + 2 - -2) + i. Suppose -3*t = -3*q - 2*q + 4, -o*t + 2 = -2*q. List the prime factors of q.
2
Let v(i) be the third derivative of 0*i**3 - 1/120*i**6 + 1/24*i**4 + 0 + 1/12*i**5 + i**2 + 0*i. What are the prime factors of v(5)?
5
Let f(b) = b**3 + 8*b**2 + 3*b + 7. Let m be f(-7). Let a = m + -20. List the prime factors of a.
3, 5
Suppose 0 = -2*s + 9 + 11. Suppose -m = -5*h - s - 9, 0 = -m - 3*h - 5. List the prime factors of m.
2
Suppose -128 - 387 = -5*c. List the prime factors of c.
103
Let d be (10/20)/(1/(-12)). What are the prime factors of (16/d + 3)*57?
19
Suppose 0*a - 2*a + 8 = 0. Let c = 2 + 4. List the prime factors of c - (-2)/a*2.
7
Let c(d) = -9*d**2 - 18*d - 8. Let s(o) = 5*o**2 + 9*o + 4. Let z(g) = 4*c(g) + 7*s(g). Let v(j) = -2*j**2 + j. Let m be v(2). List the prime factors of z(m).
2, 7
Let j be (-9)/(-6) - 69/6. Let a be (5/j)/((-1)/8). Suppose a*s + 2*g - 17 - 27 = 0, -8 = 2*g. List the prime factors of s.
13
Let b(l) = l**3 - 8*l**2 + 7*l + 4. List the prime factors of b(7).
2
Suppose 26 = 5*b - s, -2*s = -4*b + 2*s + 24. Let f = b - 2. What are the prime factors of f?
3
Let x be 2*(-25)/(-6)*3. Suppose -f + 3*f = 3*p - 10, -2*p = -5*f - x. Suppose 2*y - 4*l - 8 = p, 3*y + 3*l = -1 + 4. What are the prime factors of y?
2
Let m be (-4)/18 - (-21)/(-27). What are the prime factors of ((-2)/6)/(m/75)?
5
Let t be 6/24 + 2/(-8). Suppose 0 = -t*y - y + 28. What are the prime factors of y?
2, 7
Let l = 25 + -70. Let z = -29 - l. List the prime factors of z.
2
What are the prime factors of 2 - (-1 + -2 + 2)*24?
2, 13
Let q(a) = -a**3 + 4*a**2 + a - 1. Let u be q(4). Let k be ((0/u)/1)/1. Suppose -2*f + 23 - 7 = k. List the prime factors of f.
2
Let x(r) = -r + 3. Let n be x(-5). Suppose -5 = 5*o - 6*o. Suppose o*l = l + n. What are the prime factors of l?
2
Supp